et s(u) = 7*u**2 + 6*u - 1. Let b(g) = 5*g**2 + 5*g + 1. Let p(f) = 4*b(f) - 3*s(f). What is p(4)?
-1
Let y(z) = z**3 + 6*z**2 + 6*z - 2. Let b(d) = d**2 - 7*d + 4. Let j be b(3). Suppose -26*f + 22*f - 12 = 0. Let l = j - f. Give y(l).
-7
Let h(a) = 9 + 3 + 15*a - 18*a - 4 + 4*a. What is h(-7)?
1
Let g(x) = -x - 5. Let t be g(-4). Let w(c) = 0 + c - 4 + 25*c**2 - 4*c - c. Let d(l) = 8*l**2 - l - 1. Let k(q) = 7*d(q) - 2*w(q). What is k(t)?
6
Let j(b) be the second derivative of b**4/12 + 2*b**3 - 3*b**2/2 + 37*b + 4. What is j(-13)?
10
Let g(t) = -t**3 + 5*t**2 + 2*t - 1. Let n = -21 + 24. Suppose -n*b + 5 = -4*u, 5*u + 1 = 2*b - 0. Suppose -15 = b*d - 6*d. Determine g(d).
9
Suppose -28 = -3*x - 5*r, -2*r + 3*r = 2. Let h(a) = 13*a**2 - 3*a + 2. Let s be h(1). Let v(l) = 2*l + 7 - 3 - s. What is v(x)?
4
Let m(g) = 5 + g**2 + 1 + 2*g - 5. Suppose 93 = 5*i + 298. Let c = i + 40. What is m(c)?
0
Let w(o) be the third derivative of o**5/60 + o**4/4 + 5*o**3/6 - 384*o**2 + 2*o. Let u = 11 - 15. Calculate w(u).
-3
Let w(x) = -x**3 + 7*x**2 - 7*x - 5. Let t = 604 - 598. Determine w(t).
-11
Let k(b) = 3*b**2 + 13*b + 2. Let j = -1158 + 1154. What is k(j)?
-2
Let g(b) be the second derivative of -b**3/6 + 5*b**2/2 + 241*b - 2. Suppose 5*y + 15 = -k, 3*k - y = 5 - 2. Suppose k*z - z + 5 = 0. Give g(z).
0
Let w be 48/8*-1 - (0 + -6). Let n(j) = -j**2 - j + 6. Let v(o) = -o**2 - o + 6. Let f(x) = -5*n(x) + 6*v(x). Determine f(w).
6
Let w(z) = -z + 1. Let k(n) = -n - 3. Let b be k(-6). Let o(a) = -5*a - 2. Let h(r) = b*w(r) - o(r). What is h(-6)?
-7
Let b(k) = 9*k - 23. Let d(o) = -10*o + 25. Let z(f) = 7*b(f) + 6*d(f). Give z(0).
-11
Let o = -10 - -9. Let f be 39/(o + 4) + -1. Suppose -5*t - 22 = -3*p, t - 4*t - f = -3*p. Let b(z) = z**2. Calculate b(p).
1
Let k(u) = 6*u + 51. Let n(g) = -2*g - 23. Let q(t) = 4*k(t) + 9*n(t). Calculate q(1).
3
Let i = -68 + 83. Suppose 11*b - i*b - 32 = 0. Let n(z) = z + 8. Calculate n(b).
0
Let z(m) be the second derivative of m**4/4 + m**2/2 - m. Let v(g) = g**2 + 7*g + 13. Let f be v(-3). Determine z(f).
4
Let o(d) = d - 8. Suppose -r - 11 = 9. Let c be ((-45)/r)/(-1 + 22/16). Determine o(c).
-2
Let h(u) = u**3 + u**2 - 2*u. Suppose 3*n = -5*n + 16. Suppose -1 = -n*a - g - 3, 2*a - 6 = -3*g. Calculate h(a).
-12
Let m be (-2)/13 + (-119)/(-182) + 2. Let d(y) be the first derivative of -1/3*y**3 - 3*y + m*y**2 + 12. What is d(6)?
-9
Let v(y) = y - 1. Let w(h) = -3*h + 2. Suppose -3*o - l = -11, 2*o - 33 = 4*l - 7. Let b(r) = o*v(r) + 2*w(r). Give b(-6).
5
Suppose -5*i = -l - 30, -5*l + 11*i = 8*i + 62. Let w(k) = -2*k + 7. Calculate w(l).
27
Let t(y) = 6*y**3 - 2*y + 1. Let u be 44/(-6)*6/4. Let v(b) = b**2 + 11*b + 2. Let i be v(u). Suppose -3 = i*g - 5*g. Determine t(g).
5
Suppose 0 = 2*f - 0 - 16. Let h(q) = -f - q + 13 + 1. Determine h(0).
6
Let b(c) be the first derivative of -c**4/12 + 3*c**3/2 + 2*c**2 + 22*c + 13. Let s(n) be the first derivative of b(n). Give s(9).
4
Suppose -973 = 7*f - 945. Let w(g) = -4*g - 3. Give w(f).
13
Let m(j) be the first derivative of j**2 + 3*j + 746. Give m(0).
3
Let u(j) = 7*j**3 + 23*j**2 - 23*j + 33. Let c(n) = -4*n**3 - 12*n**2 + 12*n - 17. Let z(q) = 5*c(q) + 3*u(q). Determine z(-10).
4
Let h(t) = t**3 + 11*t**2 + 2*t - 2*t**2 - 12*t**2. Let z = 1 - 2. Let u be z/(((-4)/6)/2). What is h(u)?
6
Let n(a) = a**2 + 6*a - 6. Suppose 25*z + 91 = -59. Calculate n(z).
-6
Suppose c + 26 = 5*j, 2*j = 319*c - 314*c + 15. Let k(n) = 2*n - 10. What is k(j)?
0
Suppose 0 = -27*l - 61 - 47. Let a(m) = -3*m - 6. Determine a(l).
6
Let q be 1 + (1 - (-1 + 0)). Suppose -q = 3*d + 3. Let p(f) = -2*f**3 - 4*f**2 - f + 2. Give p(d).
4
Let s(i) = -14*i**3 - 8*i**2 + 20*i - 20. Let y(u) = 5*u**3 + 3*u**2 - 7*u + 7. Let w = -73 - -56. Let m(a) = w*y(a) - 6*s(a). Calculate m(-2).
-1
Let s(r) = 3 + 2*r + 9 + 176*r**2 - 52*r**3 - 165*r**2 + 53*r**3. What is s(-11)?
-10
Let r(u) = -2*u - 15. Suppose 0 = 5*t + 2*p - 10, -4*t - 15 = -9*t - 3*p. Determine r(t).
-15
Let p(z) = -2*z**2 - 61 + 4*z + 69 + z**2. Calculate p(5).
3
Let b(p) be the second derivative of 7*p**4/12 - p**3/6 + p**2/2 + 90*p. Let a(f) = f - 1. Let q be a(2). Give b(q).
7
Let d be ((-10)/(-4) + -2)/(5/10). Let n(j) be the first derivative of -3*j**5/10 + j**2/2 + 2*j - 1. Let t(m) be the first derivative of n(m). Calculate t(d).
-5
Let r(l) = l**3 + l**2 + l. Let t(u) = 6*u**3 - 2*u**2 + 7*u - 4. Let n(a) = -5*r(a) + t(a). Suppose 3*z + 63 = 12*z. Calculate n(z).
10
Suppose -11 = 6*z + 5*z. Let s(g) = -4*g + 1. Let k(u) = -4*u + 1. Let t(w) = 6*k(w) - 5*s(w). Calculate t(z).
5
Let p(l) = l + 4. Let u be ((-1)/2)/((3/(-3))/(-6)). What is p(u)?
1
Suppose z + 5*u - 177 = -175, -2*z + 3*u = -30. Let h(c) = -2*c**2 + 22*c + 30. Calculate h(z).
6
Let u(m) = -m**2 + m. Let w(o) = -39*o - 895. Let l be w(-23). Give u(l).
-2
Let p(c) = -68139 + 68139 - 12*c**2 + c. What is p(-1)?
-13
Let i = -16 - -7. Let v = -1 - i. Let c be 2/v + 165/60. Let f(y) = y + 3. What is f(c)?
6
Let l(t) = -16*t + 15. Let j(z) = 8*z - 7. Let n = 4 + -10. Let x(r) = n*l(r) - 13*j(r). Suppose 0 = 5*s + 2 + 3. Determine x(s).
9
Let s(c) = -15*c**2 + 3*c - 2. Let g(n) = 45*n**2 - 9*n + 6. Let p(t) = 3*g(t) + 8*s(t). Give p(1).
14
Let d(t) = -74 - 72 - 5*t + 3*t + 121. Calculate d(0).
-25
Let h(y) = y - y - 5*y + y**2 - 1. Let n(x) = -x**2 - 7*x - 4. Let l be n(-6). Suppose 3*i + 15 = 0, 14 = -g + l*g - 2*i. Determine h(g).
-5
Suppose -4*u + 0*u - 2*h = 38, -5 = -5*h. Let b(y) = 66*y - 15*y - 4 - 15*y - 15*y - 22*y. Calculate b(u).
6
Let d(p) = -p - 9. Let z(r) = -2*r**2 - 4*r. Let i be z(-3). Let n be d(i). Let l(b) = 4*b - 5*b**2 - b**3 + b + 3*b**2 + 1 + 2. What is l(n)?
-3
Let c(n) = -n**2 + 3*n + 4. Suppose 115 + 45 = 4*l. Let f = l - 28. Suppose -4*o - f = -0*h + 2*h, 5*o + 9 = -4*h. Determine c(h).
0
Let p = 2407 - 2405. Let i(h) be the second derivative of -1/4*h**5 - 1/2*h**p - 1/6*h**3 - 3*h + 1/12*h**4 + 0. What is i(-1)?
6
Let w = 18 - -10. Suppose 4*f + 8 = w. Suppose 0 = -3*j, l + l + f*j + 8 = 0. Let h(r) = -2*r**2 - 5*r + 2. Determine h(l).
-10
Let m(y) = 6*y + 1 + 8*y**2 - 11*y + 4*y + 1. Determine m(2).
32
Let r(d) = d**2 - 13*d - 45. Let a be r(16). Let z(g) = 2*g**2 - g + 2*g - g**2 - 3. Determine z(a).
9
Let g(h) = 10*h - 2. Let b be g(1). Let n(i) = -7*i + b - 9 + i. What is n(1)?
-7
Let a(t) be the second derivative of 7*t**5/20 + 5*t**3/6 - 37*t**2/2 - 5*t - 2. Let r(g) = -10*g**3 - 7*g + 56. Let c(u) = 7*a(u) + 5*r(u). Calculate c(0).
21
Suppose o - 4*m + 6 = 0, -4*o = -0*m - 4*m - 12. Let t(j) = -9*j**2 - 48*j. Let z(n) = 2*n**2 + 13*n + 1. Let p(g) = t(g) + 4*z(g). Determine p(o).
-8
Let q(c) = -c**2 - 11*c + 3. Let m be (19*2)/(2 - 0). Suppose -3*r - 14 = m. What is q(r)?
3
Let j = -10 - -5. Let q(z) be the second derivative of -z**4/4 - 4*z**3/3 - z**2 - 3*z. Let b(r) = 7*r**2 + 17*r + 4. Let l(k) = -2*b(k) - 5*q(k). What is l(j)?
-3
Let a(g) = -2*g - 6 - 5*g + 2*g**2 + g**3 + 3*g**2. Let l be a(-6). Let p(o) = -2*o + 2*o - 19 + o**3 + 18. Determine p(l).
-1
Let g = 147 + -143. Let m(z) be the first derivative of 6 + 1/4*z**g + z + z**2 + z**3. Determine m(-2).
1
Let i(g) = 3*g**2 - g + 3. Let x(o) = -4*o**2 - 3. Let m(p) = -3*i(p) - 2*x(p). Calculate m(2).
-1
Let n(o) be the first derivative of -o**2/2 + 34*o + 27. Determine n(20).
14
Suppose -l + 4*l - 3 = 0, -b = -4*l - 2. Let d(k) = 2*k - 15. Determine d(b).
-3
Let p(s) be the first derivative of -s**3/2 - 2*s**2 + 4*s + 2. Let h(c) be the first derivative of p(c). Calculate h(-3).
5
Let j(k) be the second derivative of -k**7/1260 - k**6/144 + k**5/60 - 4*k**4/3 - 11*k. Let m(p) be the third derivative of j(p). What is m(-4)?
-10
Suppose -4*n - 2*q + q = -4, -4*q = 0. Let g(z) = -z**3 + 7*z**2 + 19*z - 9. Let t be g(9). Let w(x) = 3*x + t*x - 7*x. Calculate w(n).
-4
Let f(l) = l. Let o(t) = 1. Let n(j) = -f(j) + 4*o(j). Calculate n(0).
4
Suppose 5*z - 3*j = 19 + 21, -3*z + 30 = -3*j. Suppose -w = 2*w - 2*i - 17, 0 = z*i + 5. Let g(t) = t + 1 + 4*t**3 - t**3 + w*t**2 - 2*t**3 + 0. Give g(-5).
-4
Let x(q) = -32*q - 17. Let l(y) = 63*y + 31. Let n(a) = -6*l(a) - 11*x(a). What is n(1)?
-25
Let l(d) = 6*d + 8. Let g be 115/(-20) + ((-52)/16 - -4). Give l(g).
-22
Let t = 1026 + -1030. Let q(n) =